
17
Let v(b) = 9*b**2 + 1 + 0*b + 3*b**2 + 5*b - 3 - 13*b**2. Determine v(2).
4
Let j = -1613 + 1604. Let z(x) = 2*x**2 + 11*x - 3. Calculate z(j).
60
Suppose -3 - 53 = 7*b. Let s(k) = 7*k - 25. Let d(f) = 5*f - 8 - 4 - 2*f. Let y(v) = 13*d(v) - 6*s(v). Calculate y(b).
18
Let d = 134 - 77. Suppose -7*w = -4*w - d. Suppose -2*k + 4*k + 2 = 0, -3*y + k = -w. Let a(m) = -m**3 + 6*m**2 - 3*m + 3. Give a(y).
-15
Let q(f) = 13*f**3 - 4*f**2 - 5*f + 18. Let o be q(3). Let j = 319 - o. Let n(y) = 6*y + 3. Give n(j).
9
Let b(k) be the second derivative of -k**4/12 - 2*k**3 - 3*k**2 - 3*k + 257. Give b(-3).
21
Let p(c) = 15*c**2 - 2*c - 1. Let d(t) = -44*t**2 + 7*t + 4. Let v(m) = -2*d(m) - 7*p(m). Let r be 93/(-217) + (-56)/98. What is v(r)?
-18
Let t = 405 + -403. Let r(a) = -4*a**t - 91*a + 3*a**2 + 101*a + 4 + 4. Give r(8).
24
Suppose -2*k + 12 = z, -604*z + 20 = -602*z + 3*k. Let f(j) be the first derivative of z*j**2 - 3*j**3 - 20 + 9*j + 1/4*j**4. Determine f(8).
9
Let s(q) be the second derivative of -1/12*q**4 + 1/6*q**3 - 3*q**2 + 8*q + 0. Let i(c) = -c**2 + 22*c - 57. Let b be i(19). What is s(b)?
-6
Let k(g) = g**2 - 9*g + 18. Let u(i) = i**3 + 5*i**2 - 7. Let o be u(-2). What is k(o)?
-2
Let n(h) be the second derivative of -1/2*h**2 + 1/2*h**3 + 0 - 12*h - 1/20*h**5 - 1/6*h**4. Give n(2).
-11
Suppose -3*w + 20 = -3*f - 4*w, 0 = 4*f - w + 36. Let t(o) = 6*o + 18. Let r(q) = -q - 1. Let m(u) = 3*r(u) + t(u). What is m(f)?
-9
Let g(k) = -22*k - 142. Let l(w) = -155*w - 989. Let j(q) = 27*g(q) - 4*l(q). Give j(-5).
-8
Let d(c) be the third derivative of c**6/60 + c**5/30 + c**4/12 - 5*c**3/6 + 786*c**2. What is d(-3)?
-47
Let r(m) = -8120*m + 6 + 8111*m - 41 + m**2. Give r(17).
101
Let w(b) = b - 6. Suppose 7*y - 12*y + 207 = -2*d, 0 = 2*y - 3*d - 85. Suppose -y = -14*k + 15. Calculate w(k).
-2
Let l(v) = v**2 + 26*v - 83. Let o be l(-29). Suppose 0*n = 4*r + o*n, -3*r - 5 = 2*n. Let h(a) = a**2 + 5*a - 3. What is h(r)?
-3
Let p(n) be the first derivative of -115*n**2/2 - 231*n - 5333. Determine p(-2).
-1
Let k(g) be the first derivative of -g**4/4 - 3*g**3 + 12*g**2 + 21*g + 1348. Determine k(-11).
-1
Let y(s) = 32*s**2 + 2*s - 1. Let p = -3244 + 3245. Determine y(p).
33
Let j(k) = 54*k - 6*k - 12*k + 131 - 14*k - 6*k. Give j(-8).
3
Let s(v) be the first derivative of -7*v**2/2 + 18*v - 810. What is s(5)?
-17
Let v(i) = i**3 - i**2 - 7*i - 4. Let s be v(3). Let u(w) = -10*w + 12. Calculate u(s).
82
Let c = -5339 + 5335. Let q(d) be the third derivative of 1/24*d**4 + 0*d + d**2 + 0 - 5/6*d**3. Give q(c).
-9
Let x = 161 - 97. Suppose 57*b - 7 = x*b. Let z(q) = 0*q - 9*q - q. Calculate z(b).
10
Let g(p) = 2*p - 1. Let m = 167 + -140. Suppose 13*n - 4*n + m = 0. Give g(n).
-7
Let k(z) = 3*z - 10. Let x be 1*(66/11 + 0). Calculate k(x).
8
Let v(k) = -k**2 - 7*k. Let b be (-2)/10 + 2 + 968/40. Suppose -b = 4*i + 2. Calculate v(i).
0
Suppose -2*s + s + 9 = 0. Let u(r) = 69*r**2 - 58*r - 23. Let y(v) = 53*v**2 - 44*v - 17. Let o(k) = 10*u(k) - 13*y(k). Determine o(s).
0
Suppose -61*l + 4877 = 30*l + 1419. Let a(o) be the third derivative of 0 - 7/6*o**3 - l*o**2 + 0*o + 1/24*o**4. Calculate a(0).
-7
Suppose 5*i = -3*p + 10, -3*p + i = -0*i + 2. Suppose 2*c + 4*k - 21 - 3 = p, -2*c + 20 = 3*k. Let o(y) = 0 - 134*y + 132*y - c + 1. Determine o(5).
-13
Let y = -248 + 257. Let w(c) = 31 - 2 - 11 + c - y. What is w(-16)?
-7
Let u(t) = t**2 - 11*t + 10. Let f be (2/(-1))/(26/13). Let r be -5*f*(-5)/(-10)*4. What is u(r)?
0
Let l(i) = i**2 - 8*i - 35. Let h(f) = -3*f**2 - 129*f + 144. Let n be h(-44). Give l(n).
13
Let k = 7910 + -7912. Let l(f) = -f**2 - 9*f - 16. Calculate l(k).
-2
Let g(s) = s**2 + 55*s - 24. Let w(f) = -4*f**2 - 275*f + 123. Let d(m) = -14*g(m) - 3*w(m). Determine d(27).
-6
Let a = 491 - 481. Let w(m) = 9*m + 7 - 5*m + 7*m - a*m. Determine w(-9).
-2
Let f(h) = -19 + 27*h - 55*h + 26*h + 18 - 14. What is f(-10)?
5
Let o be (-2)/(-8) - (-350)/(-56). Let p(q) = -3*q**2 - 11*q + 4. Let d(j) = -13*j**2 - 45*j + 20. Let i(c) = -2*d(c) + 9*p(c). Give i(o).
14
Let h(g) = -g + 4. Let k(l) = 2*l**3 + 11*l**2 + 5*l - 6. Let z be k(-5). Suppose -2 = 2*i + 4. Let y be (z/15)/(i/30). Give h(y).
0
Let h be 7/3 + (-2)/(-3). Let w(k) = 41*k**2 + 3*k + 11. Let u(t) = -33*t**2 - 2*t - 9. Let x(z) = -5*u(z) - 4*w(z). What is x(h)?
4
Let n(q) = -11 - q**3 - 7*q**2 + 84*q - 235*q + 161*q. Determine n(-8).
-27
Suppose -3*q - u = -3, -u + 0 + 3 = -q. Suppose -22 = n - 5*b, q*n - 4*n + 17 = b. Let f(s) = -s**2 + 3*s + 4. Give f(n).
4
Let q(o) = -4*o - 1. Let v(j) = -j - 3. Let x be v(-9). Suppose -x*y - 6 = -30. Let i be -2 - (4 - y)/3. Calculate q(i).
7
Let v(i) = -2*i - 12. Let s be v(-9). Let o(d) = -5*d**2 - 9*d - 2. Let j(g) = -7*g**2 - 10*g - 3. Let y(h) = -3*j(h) + 4*o(h). Give y(s).
1
Let q(n) = -n**3 + 22*n**2 - 29*n - 29. Let w(z) = -6*z**3 + 111*z**2 - 148*z - 145. Let v(s) = -11*q(s) + 2*w(s). Calculate v(-21).
-13
Let c(g) = 9*g**2 + 5*g - 6. Let v(l) = 10*l**2 + 4*l - 5. Let a(m) = -m**2. Let f(p) = 3*a(p) + v(p). Let k(t) = -3*c(t) + 4*f(t). What is k(-5)?
18
Let h(n) = 17*n + 2. Let t(z) = -z**3 + 5*z**2 - 4*z + 24. Let b be t(5). Suppose 0 = -x + 5*d - b*d - 2, 10 = -5*x + d. Calculate h(x).
-32
Let h(f) = 2*f - 5. Let w be (4/(-6))/((-2)/(-288)). Let z be (-20 - (-26 + 5))*-91. Let c = z - w. Determine h(c).
5
Suppose -59*z + 140 = -0*z - 24*z. Let l(k) = -2*k**2 + 14*k - 31. Calculate l(z).
-7
Let q(i) = 6*i**2 + i + 4. Let j(v) = -14*v**2 - 2*v - 8. Let n(h) = 2*j(h) + 5*q(h). Let p be (-6)/9*3*-7. Suppose -3*u - 5 = -p. What is n(u)?
25
Let y be (1 - (-4)/12)*(-6)/(-2). Let i(c) = -16 + 3*c - 2*c**3 - c**2 - c**2 + 14 - y*c. Let a be 2 + 3/(-9)*(6 + 6). Give i(a).
8
Let w(v) = 352216*v + 20 - 704422*v + 352207*v. Let y = 4 + -13. Give w(y).
11
Let a(r) = -779*r - 777*r + 2333*r + 63 - 782*r. Calculate a(7).
28
Let s(i) be the first derivative of -i**3/3 - 5*i**2/2 - i - 5070. Let f be (-30)/(-35)*7/(-1). What is s(f)?
-7
Let r = -31510 - -31512. Let d(o) = -2*o**3 - 2*o**2 + 3*o + 4. Determine d(r).
-14
Let n(g) = -g. Let z(a) = -33 - 71*a + 40*a - 48. Let p(t) = -6*t - 16. Let v(j) = -11*p(j) + 2*z(j). Let y(k) = 5*n(k) + v(k). Give y(6).
8
Let b be ((-22)/(-66))/((-2)/(-36)). Let l be 4 + ((-588)/7)/b. Let h(i) = i**2 + 10*i - 4. What is h(l)?
-4
Let x(h) = h**3 + 12*h**2 + 12*h + 5. Suppose -u + 5*n - 31 = 0, 6*n = 4*u + 11*n + 24. Determine x(u).
-6
Suppose 0 = 18*b - 24*b + 30. Let q(u) = -51786 - 2*u**3 + u**3 + 51780 - 4*u - b*u**2. Give q(-4).
-6
Suppose -z + 18 = -4*l, 3*l = -z - 12 + 2. Let p(r) = 5*r**z + 2 + 4 - 5*r**2 + r**3. Give p(0).
6
Let b(n) = 0*n - 2 + 2*n - 10*n. Let u be 21/3 - 25/15*3. Give b(u).
-18
Suppose 22 = -4*c - 2*h, -5*h + 3 + 2 = 0. Suppose -4*r + 8*r - 68 = 0. Let o(x) = 27 - 3*x + 21 + 4*x + r - 57. Give o(c).
2
Let w(z) = 14*z - 892790 + z**2 + 1785490 - 892746. Determine w(-19).
49
Let q(k) be the first derivative of -k**2 - 30*k - 3864. What is q(-22)?
14
Let a(d) = 4*d**2 - 3*d + 45. Let b(r) = 15*r**2 - 11*r + 178. Let j(f) = -11*a(f) + 3*b(f). Calculate j(0).
39
Let j = 4 + 0. Suppose 38 = -j*i - 2. Let z(s) = -4*s + 9729*s**3 - 9*s**2 - 9730*s**3 + 14*s - 4. Determine z(i).
-4
Let x(a) = 2*a**3 - 21*a**2 - 11*a + 13. Suppose 467*o - 497*o = -330. Calculate x(o).
13
Let p(k) = k**3 - k**2 - k + 1. Let t be p(0). Let q be ((-6)/(t*-2))/((-33)/22). Let z be -1*(8 + (-4 - q)). Let y(h) = -h + 3. Determine y(z).
9
Let y(m) = -5*m + 6. Let i be (245/(-70) - 4/(-1))*(6 - 2). Determine y(i).
-4
Let r = 33 - 29. Let n(f) = f**2 + 18*f - 3. Let g(h) = -h**2 - 23*h + 4. Let z(u) = -4*g(u) - 5*n(u). Determine z(r).
-9
Let b(c) = -c**2 + 8*c + 5. Let y(w) = -9*w - 19. Let o(g) = g**3 + 15*g**2 + g + 12. Let s be o(-15). Let q be y(s). Calculate b(q).
5
Let u(m) = -13*m**3 - m. Let r(t) = -57*t**3 + 2*t**2 - 2*t. Let w(f) = -r(f) + 4*u(f). What is w(-1)?
-5
Let g(i) = -8*i - 1. Suppose 240*x - 241*x = 2*j + 1, -3*x - 2*j - 11 = 0. Determine g(x).
39
Let b = -135 - -137. Suppose 2*i = i + 2*s - b, 2*s = -5*i - 34. Let l(q) be the second derivative of q**3/3 + q**2 - 2*q. What is l(i)?
-10
Let k(a) = a - 2. Suppose 28 = 14*x + 140. Let p be (-8)/(-6) + -1 - x/3. Suppose -3*v - p = -4*f - 21, -19 = 3*f - 5*v. 